{"id":2,"date":"2015-02-19T04:39:32","date_gmt":"2015-02-19T03:39:32","guid":{"rendered":"http:\/\/localhost:8080\/wordpress-4.1.1\/wordpress\/?page_id=2"},"modified":"2025-07-12T15:22:08","modified_gmt":"2025-07-12T14:22:08","slug":"sample-page","status":"publish","type":"page","link":"http:\/\/www.festivaldesarts.nl\/nl\/","title":{"rendered":""},"content":{"rendered":"\n<h2 class=\"wp-block-heading has-text-align-left\">Welkom zondag 5 juli 2026 11.00-17.00 uur<\/h2>\n\n\n<p>Op de dag van het festival vormen kleurrijke kramen het Limburgse decor. Rijk gevuld met kunst en creativiteit, een mengelmoes van technieken, idee\u00ebn en creaties, gemaakt door mensen met hart voor de kunstzinnige sector. Van heinde en verre weet men intussen Rimburg te vinden, zowel de \u201cdoorgewinterde\u201d deelnemers als \u201cnieuwe\u201d deelnemers. De balans is hierdoor goed en iedereen voelt zich tijdens het festival helemaal thuis in het mooiste plekje van Landgraaf. Wat wil je als organisatie dan nog meer?<br \/>Het Festival des Arts is meer dan kunst alleen. Dit blijkt wel uit het sociale karakter, de \u201cmeet en greet\u201d van mensen buiten het dorp die het festival als basis gebruiken om heerlijk bij te kletsen met dorpsbewoners, kennissen of familieleden.<\/p>\n<p>De datum is bij iedereen bekend,\u00a0<strong>eerste zondag van de maand juli<\/strong>.<br \/>\u201cIedereen krijgt de ruimte\u201d, zeggen de organisatoren, we blijven zorgdragen voor een voor de kunstenaars betaalbare kunstmarkt. De organisatie zorgt goed voor haar \u00a0\u201cgasten\u201d achter de kraam. Elk jaar een rondje \u201challo\u201d zeggen, iets te drinken aanbieden, een fijne markt wensen, het is een kleine moeite maar het doet iedereen goed en het verstevigt banden.<\/p>\n<p>Ook dit jaar belooft het weer een bijzondere happening te worden. Met een gevarieerd aantal kunstenaars is de organisatie dan ook enorm enthousiast om die dag te starten.\u00a0<br \/>Interesse om deel te nemen? Kijk gerust op onze Facebook pagina en schrijf je in via deze website.<\/p>\n\n\n<h2 class=\"wp-block-heading has-text-align-left\">Willkommen Sonntag, 5. Juli 2026, 11-17 Uhr<\/h2>\n\n\n<p>Am Tag des Festivals bilden bunte St\u00e4nde die Limburger Kulisse. Reichlich gef\u00fcllt mit Kunst und Kreativit\u00e4t, ein Sammelsurium von Techniken, Ideen und Kreationen, hergestellt von Menschen mit einem Herz f\u00fcr den k\u00fcnstlerischen Bereich. Menschen aus nah und fern wissen inzwischen, wie sie Rimburg finden k\u00f6nnen, sowohl &#8220;erfahrene&#8221; Teilnehmer als auch &#8220;neue&#8221;. Das Ergebnis ist ein gutes Gleichgewicht, und alle f\u00fchlen sich w\u00e4hrend des Festivals in Landgraafs sch\u00f6nstem Fleckchen wohl. Was kann man sich als Organisation mehr w\u00fcnschen?<br \/>Das Festival des Arts ist mehr als nur Kunst. Das zeigt sich an seinem sozialen Charakter, dem &#8220;meet and greet&#8221; von Menschen au\u00dferhalb des Dorfes, die das Festival als Ausgangspunkt f\u00fcr einen netten Plausch mit Dorfbewohnern, Bekannten oder Familienmitgliedern nutzen.<\/p>\n<p>Der Termin ist allen bekannt: <strong>der erste Sonntag im Juli.<\/strong><br \/>&#8220;Jeder bekommt seinen Platz&#8221;, sagen die Organisatoren, &#8220;wir sorgen weiterhin f\u00fcr einen erschwinglichen Kunstmarkt f\u00fcr die K\u00fcnstler. Die Organisatoren k\u00fcmmern sich gut um ihre &#8220;G\u00e4ste&#8221; hinter dem Stand. Jedes Jahr &#8220;Hallo&#8221; sagen, etwas zu trinken anbieten, einen sch\u00f6nen Markt w\u00fcnschen, das ist ein kleiner Aufwand, aber er tut allen gut und st\u00e4rkt die Beziehungen.<\/p>\n<p>Auch dieses Jahr verspricht wieder ein besonderes Ereignis zu werden. Mit einem vielf\u00e4ltigen Angebot an K\u00fcnstlern freut sich die Organisation auf den Tag. <br \/>Haben Sie Interesse, teilzunehmen? Schauen Sie auf unserer Facebook-Seite vorbei und melden Sie sich \u00fcber diese Website an.<\/p>\n\n\n<h2 class=\"wp-block-heading\">Welcome Sunday 5 July 2026 11am-5pm<\/h2>\n\n\n<p>On the day of the festival, colourful stalls form the Limburg backdrop. Richly filled with art and creativity, a hodgepodge of techniques, ideas and creations, made by people with a heart for the artistic sector. People from far and wide now know how to find Rimburg, both &#8220;seasoned&#8221; participants and &#8220;new&#8221; ones. As a result, the balance is good and everyone feels completely at home in Landgraaf&#8217;s most beautiful spot during the festival. So what more could you want as an organisation?<br \/>The Festival des Arts is more than just art. This is evident from its social character, the &#8220;meet and greet&#8221; of people outside the village who use the festival as a base to have a nice chat with villagers, acquaintances or family members.<\/p>\n<p>The date is known to all, first Sunday of the month of July.<br \/>&#8220;Everyone gets the space,&#8221; say the organisers, &#8220;we continue to take care of an affordable art market for the artists. The organisers take good care of their &#8220;guests&#8221; behind the stall. Saying &#8220;hello&#8221; every year, offering something to drink, wishing a nice market, it&#8217;s a small effort but it does everyone good and strengthens ties.<\/p>\n<p>This year, too, promises to be another special happening. With a diverse number of artists, the organisation is therefore extremely excited to start the day. <br \/>Interested in taking part? Feel free to check out our Facebook page and register via this website.<\/p>\n<h3><span style=\"color: #3366ff;\"><strong>Kunstzinnige groeten \/\u00a0K\u00fcnstlerische Gr\u00fc\u00dfe \/ Artistic greetings,<\/strong><\/span><\/h3>\n<h2><span style=\"color: #3366ff;\"><strong>Linda &#8211; Rob &#8211; Bianca<\/strong><\/span><\/h2>\n\n\n<h2 class=\"wp-block-heading\"><\/h2>\n\n\n\n<p class=\"has-very-light-gray-color has-vivid-red-background-color has-text-color has-background\" style=\"font-size:35px\"><a href=\"https:\/\/www.facebook.com\/festivaldesartsrimburg\/\">https:\/\/www.facebook.com\/festivaldesartsrimburg\/<\/a><\/p>\n","protected":false},"excerpt":{"rendered":"<p>Welkom zondag 5 juli 2026 11.00-17.00 uur Op de dag van het festival vormen kleurrijke kramen het Limburgse decor. Rijk&hellip; <a class=\"read-more\" href=\"http:\/\/www.festivaldesarts.nl\/nl\/\">Lees verder<\/a><\/p>\n","protected":false},"author":2,"featured_media":0,"parent":0,"menu_order":0,"comment_status":"closed","ping_status":"closed","template":"","meta":{"footnotes":""},"class_list":["post-2","page","type-page","status-publish","hentry"],"_links":{"self":[{"href":"http:\/\/www.festivaldesarts.nl\/nl\/wp-json\/wp\/v2\/pages\/2","targetHints":{"allow":["GET"]}}],"collection":[{"href":"http:\/\/www.festivaldesarts.nl\/nl\/wp-json\/wp\/v2\/pages"}],"about":[{"href":"http:\/\/www.festivaldesarts.nl\/nl\/wp-json\/wp\/v2\/types\/page"}],"author":[{"embeddable":true,"href":"http:\/\/www.festivaldesarts.nl\/nl\/wp-json\/wp\/v2\/users\/2"}],"replies":[{"embeddable":true,"href":"http:\/\/www.festivaldesarts.nl\/nl\/wp-json\/wp\/v2\/comments?post=2"}],"version-history":[{"count":71,"href":"http:\/\/www.festivaldesarts.nl\/nl\/wp-json\/wp\/v2\/pages\/2\/revisions"}],"predecessor-version":[{"id":835,"href":"http:\/\/www.festivaldesarts.nl\/nl\/wp-json\/wp\/v2\/pages\/2\/revisions\/835"}],"wp:attachment":[{"href":"http:\/\/www.festivaldesarts.nl\/nl\/wp-json\/wp\/v2\/media?parent=2"}],"curies":[{"name":"wp","href":"https:\/\/api.w.org\/{rel}","templated":true}]}}

<h2 class="wp-block-heading has-text-align-left">Welkom zondag 5 juli 2026 11.00-17.00 uur</h2>


<p>Op de dag van het festival vormen kleurrijke kramen het Limburgse decor. Rijk gevuld met kunst en creativiteit, een mengelmoes van technieken, ideeën en creaties, gemaakt door mensen met hart voor de kunstzinnige sector. Van heinde en verre weet men intussen Rimburg te vinden, zowel de “doorgewinterde” deelnemers als “nieuwe” deelnemers. De balans is hierdoor goed en iedereen voelt zich tijdens het festival helemaal thuis in het mooiste plekje van Landgraaf. Wat wil je als organisatie dan nog meer?<br />Het Festival des Arts is meer dan kunst alleen. Dit blijkt wel uit het sociale karakter, de “meet en greet” van mensen buiten het dorp die het festival als basis gebruiken om heerlijk bij te kletsen met dorpsbewoners, kennissen of familieleden.</p>
<p>De datum is bij iedereen bekend, <strong>eerste zondag van de maand juli</strong>.<br />“Iedereen krijgt de ruimte”, zeggen de organisatoren, we blijven zorgdragen voor een voor de kunstenaars betaalbare kunstmarkt. De organisatie zorgt goed voor haar  “gasten” achter de kraam. Elk jaar een rondje “hallo” zeggen, iets te drinken aanbieden, een fijne markt wensen, het is een kleine moeite maar het doet iedereen goed en het verstevigt banden.</p>
<p>Ook dit jaar belooft het weer een bijzondere happening te worden. Met een gevarieerd aantal kunstenaars is de organisatie dan ook enorm enthousiast om die dag te starten. <br />Interesse om deel te nemen? Kijk gerust op onze Facebook pagina en schrijf je in via deze website.</p>


<h2 class="wp-block-heading has-text-align-left">Willkommen Sonntag, 5. Juli 2026, 11-17 Uhr</h2>


<p>Am Tag des Festivals bilden bunte Stände die Limburger Kulisse. Reichlich gefüllt mit Kunst und Kreativität, ein Sammelsurium von Techniken, Ideen und Kreationen, hergestellt von Menschen mit einem Herz für den künstlerischen Bereich. Menschen aus nah und fern wissen inzwischen, wie sie Rimburg finden können, sowohl &#8220;erfahrene&#8221; Teilnehmer als auch &#8220;neue&#8221;. Das Ergebnis ist ein gutes Gleichgewicht, und alle fühlen sich während des Festivals in Landgraafs schönstem Fleckchen wohl. Was kann man sich als Organisation mehr wünschen?<br />Das Festival des Arts ist mehr als nur Kunst. Das zeigt sich an seinem sozialen Charakter, dem &#8220;meet and greet&#8221; von Menschen außerhalb des Dorfes, die das Festival als Ausgangspunkt für einen netten Plausch mit Dorfbewohnern, Bekannten oder Familienmitgliedern nutzen.</p>
<p>Der Termin ist allen bekannt: <strong>der erste Sonntag im Juli.</strong><br />&#8220;Jeder bekommt seinen Platz&#8221;, sagen die Organisatoren, &#8220;wir sorgen weiterhin für einen erschwinglichen Kunstmarkt für die Künstler. Die Organisatoren kümmern sich gut um ihre &#8220;Gäste&#8221; hinter dem Stand. Jedes Jahr &#8220;Hallo&#8221; sagen, etwas zu trinken anbieten, einen schönen Markt wünschen, das ist ein kleiner Aufwand, aber er tut allen gut und stärkt die Beziehungen.</p>
<p>Auch dieses Jahr verspricht wieder ein besonderes Ereignis zu werden. Mit einem vielfältigen Angebot an Künstlern freut sich die Organisation auf den Tag. <br />Haben Sie Interesse, teilzunehmen? Schauen Sie auf unserer Facebook-Seite vorbei und melden Sie sich über diese Website an.</p>


<h2 class="wp-block-heading">Welcome Sunday 5 July 2026 11am-5pm</h2>


<p>On the day of the festival, colourful stalls form the Limburg backdrop. Richly filled with art and creativity, a hodgepodge of techniques, ideas and creations, made by people with a heart for the artistic sector. People from far and wide now know how to find Rimburg, both &#8220;seasoned&#8221; participants and &#8220;new&#8221; ones. As a result, the balance is good and everyone feels completely at home in Landgraaf&#8217;s most beautiful spot during the festival. So what more could you want as an organisation?<br />The Festival des Arts is more than just art. This is evident from its social character, the &#8220;meet and greet&#8221; of people outside the village who use the festival as a base to have a nice chat with villagers, acquaintances or family members.</p>
<p>The date is known to all, first Sunday of the month of July.<br />&#8220;Everyone gets the space,&#8221; say the organisers, &#8220;we continue to take care of an affordable art market for the artists. The organisers take good care of their &#8220;guests&#8221; behind the stall. Saying &#8220;hello&#8221; every year, offering something to drink, wishing a nice market, it&#8217;s a small effort but it does everyone good and strengthens ties.</p>
<p>This year, too, promises to be another special happening. With a diverse number of artists, the organisation is therefore extremely excited to start the day. <br />Interested in taking part? Feel free to check out our Facebook page and register via this website.</p>
<h3><span style="color: #3366ff;"><strong>Kunstzinnige groeten / Künstlerische Grüße / Artistic greetings,</strong></span></h3>
<h2><span style="color: #3366ff;"><strong>Linda &#8211; Rob &#8211; Bianca</strong></span></h2>


<h2 class="wp-block-heading"></h2>



<p class="has-very-light-gray-color has-vivid-red-background-color has-text-color has-background" style="font-size:35px"><a href="https://www.facebook.com/festivaldesartsrimburg/">https://www.facebook.com/festivaldesartsrimburg/</a></p>
